 2 (base 5) to base 8.
2
What is 111 (base 2) in base 12?
7
Convert 0 (base 10) to base 14.
0
-201 (base 4) to base 3
-1020
What is 3131 (base 4) in base 2?
11011101
d6 (base 14) to base 9
228
What is 1 (base 14) in base 8?
1
42 (base 14) to base 10
58
-116 (base 7) to base 6
-142
Convert 4b (base 16) to base 9.
83
15 (base 12) to base 13
14
What is -2 (base 6) in base 5?
-2
What is -31 (base 7) in base 4?
-112
3 (base 8) to base 13
3
What is -13 (base 5) in base 4?
-20
What is -16 (base 12) in base 9?
-20
-4 (base 15) to base 9
-4
Convert -32 (base 9) to base 13.
-23
What is 4 (base 11) in base 13?
4
Convert -5 (base 13) to base 10.
-5
What is -264 (base 7) in base 10?
-144
What is 13 (base 11) in base 9?
15
Convert 30 (base 7) to base 10.
21
Convert 210 (base 8) to base 2.
10001000
-23 (base 9) to base 3
-210
1 (base 7) to base 2
1
What is 30 (base 15) in base 6?
113
2 (base 11) to base 12
2
34 (base 7) to base 5
100
What is 0 (base 6) in base 5?
0
-11b (base 15) to base 16
-fb
What is 22 (base 11) in base 10?
24
Convert 36 (base 8) to base 13.
24
Convert 99 (base 13) to base 8.
176
Convert 5a (base 15) to base 3.
10011
-14 (base 9) to base 12
-11
Convert 454 (base 6) to base 4.
2302
What is 72 (base 12) in base 2?
1010110
What is -8 (base 14) in base 16?
-8
What is 64 (base 16) in base 8?
144
62 (base 13) to base 14
5a
What is 101 (base 3) in base 5?
20
What is 4 (base 14) in base 7?
4
What is -223 (base 4) in base 3?
-1121
What is -c (base 16) in base 5?
-22
What is 341 (base 9) in base 12?
1b4
What is -1 (base 8) in base 5?
-1
Convert -181 (base 12) to base 13.
-157
Convert -202 (base 3) to base 2.
-10100
2 (base 9) to base 3
2
Convert 4 (base 16) to base 11.
4
What is 1110 (base 2) in base 15?
e
What is -100010 (base 2) in base 9?
-37
-12 (base 4) to base 7
-6
21 (base 4) to base 16
9
-10 (base 5) to base 12
-5
29 (base 13) to base 12
2b
-3 (base 7) to base 6
-3
Convert -20 (base 3) to base 12.
-6
2011 (base 3) to base 16
3a
bb (base 12) to base 15
98
Convert a0 (base 14) to base 11.
118
-24 (base 15) to base 16
-22
-2 (base 15) to base 11
-2
What is 47 (base 12) in base 4?
313
-11010 (base 2) to base 14
-1c
-1 (base 11) to base 7
-1
Convert -10 (base 2) to base 6.
-2
Convert 5 (base 10) to base 9.
5
Convert -1 (base 15) to base 2.
-1
Convert 17 (base 10) to base 9.
18
23 (base 14) to base 2
11111
-3 (base 13) to base 5
-3
-59 (base 12) to base 15
-49
What is -136 (base 8) in base 14?
-6a
Convert -4a (base 15) to base 6.
-154
What is 1054 (base 7) in base 16?
17e
What is -3 (base 11) in base 14?
-3
Convert 33 (base 8) to base 5.
102
-7 (base 16) to base 5
-12
What is -215 (base 7) in base 6?
-302
Convert -18 (base 12) to base 3.
-202
-20 (base 7) to base 12
-12
-7a (base 14) to base 13
-84
What is 10022 (base 4) in base 3?
100212
-33 (base 5) to base 3
-200
9 (base 16) to base 8
11
What is -3 (base 7) in base 5?
-3
Convert 15 (base 6) to base 16.
b
What is d (base 14) in base 12?
11
What is -2020 (base 3) in base 16?
-3c
Convert -10 (base 6) to base 7.
-6
-154 (base 10) to base 11
-130
3 (base 4) to base 8
3
Convert -10e (base 16) to base 10.
-270
Convert -1 (base 7) to base 10.
-1
1 (base 8) to base 13
1
What is -87 (base 12) in base 3?
-10211
7 (base 13) to base 7
10
-4 (base 6) to base 9
-4
What is -10 (base 10) in base 16?
-a
Convert -a (base 14) to base 16.
-a
Convert 13 (base 10) to base 11.
12
What is a (base 14) in base 3?
101
-101 (base 2) to base 4
-11
0 (base 10) to base 16
0
-132 (base 11) to base 6
-420
Convert b3 (base 12) to base 15.
90
Convert -1 (base 4) to base 7.
-1
100001 (base 2) to base 16
21
5 (base 15) to base 6
5
What is 0 (base 10) in base 6?
0
What is -4 (base 13) in base 15?
-4
6 (base 8) to base 10
6
Convert -1 (base 10) to base 13.
-1
Convert -134 (base 8) to base 13.
-71
-425 (base 6) to base 4
-2201
-3 (base 5) to base 12
-3
-10 (base 8) to base 4
-20
-11 (base 8) to base 15
-9
Convert -15 (base 11) to base 3.
-121
213 (base 5) to base 9
64
-22 (base 5) to base 11
-11
What is -20 (base 14) in base 13?
-22
Convert -36 (base 9) to base 7.
-45
What is -30 (base 16) in base 2?
-110000
57 (base 8) to base 10
47
What is 1 (base 8) in base 13?
1
Convert -2 (base 13) to base 3.
-2
-124 (base 15) to base 3
-100121
What is -4 (base 11) in base 6?
-4
Convert -9 (base 12) to base 4.
-21
What is 400 (base 9) in base 4?
11010
Convert 78 (base 11) to base 9.
104
11010 (base 2) to base 6
42
Convert -410 (base 6) to base 9.
-176
What is 7c (base 13) in base 5?
403
-cb (base 15) to base 16
-bf
-1022 (base 5) to base 15
-92
Convert 23 (base 16) to base 4.
203
What is 3f (base 16) in base 5?
223
Convert 245 (base 9) to base 11.
175
What is -40 (base 13) in base 7?
-103
Convert -220 (base 3) to base 15.
-19
3033 (base 4) to base 6
543
What is -9 (base 14) in base 13?
-9
What is 101010011 (base 2) in base 14?
1a3
Convert 3 (base 9) to base 15.
3
-115 (base 10) to base 3
-11021
What is 16 (base 12) in base 9?
20
What is 31 (base 5) in base 14?
12
-30 (base 11) to base 4
-201
Convert -26 (base 10) to base 5.
-101
Convert 9 (base 15) to base 3.
100
1 (base 16) to base 5
1
-13 (base 6) to base 16
-9
Convert -2 (base 12) to base 7.
-2
What is 1033 (base 6) in base 15?
10c
-3 (base 11) to base 12
-3
What is 40 (base 8) in base 4?
200
What is -5 (base 6) in base 16?
-5
What is -100001 (base 2) in base 7?
-45
-334 (base 8) to base 15
-ea
Convert 11 (base 2) to base 8.
3
What is -124 (base 7) in base 14?
-4b
Convert -1001 (base 2) to base 3.
-100
What is 58 (base 11) in base 4?
333
What is -61 (base 9) in base 10?
-55
What is 10 (base 3) in base 6?
3
Convert 1 (base 4) to base 5.
1
Convert 3 (base 10) to base 12.
3
Convert 0 (base 7) to base 13.
0
Convert -6 (base 13) to base 16.
-6
What is 2e (base 16) in base 6?
114
What is 10 (base 3) in base 2?
11
What is -1f (base 16) in base 13?
-25
-10 (base 6) to base 16
-6
336 (base 9) to base 11
231
What is 3022 (base 4) in base 2?
11001010
What is -11 (base 4) in base 15?
-5
-34 (base 13) to base 12
-37
What is -214 (base 5) in base 15?
-3e
What is -a (base 11) in base 7?
-13
2 (base 10) to base 4
2
What is -35 (base 6) in base 16?
-17
Convert -11b (base 13) to base 12.
-141
Convert -320 (base 4) to base 11.
-51
What is 0 (base 3) in base 10?
0
101 (base 6) to base 7
52
What is 0 (base 5) in base 6?
0
Convert 13 (base 4) to base 15.
7
-4 (base 8) to base 2
-100
What is 2 (base 13) in base 11?
2
What is -60 (base 12) in base 3?
-2200
Convert -12 (base 13) to base 6.
-23
What is 8 (base 10) in base 16?
8
Convert 332 (base 8) to base 15.
e8
5b (base 16) to base 9
111
Convert 6 (base 14) to base 9.
6
-1 (base 8) to base 15
-1
24 (base 5) to base 9
15
Convert -324 (base 7) to base 12.
-119
-10 (base 4) to base 2
-100
Convert 110 (base 2) to base 7.
6
6 (base 9) to base 15
6
10 (base 6) to base 13
6
110 (base 6) to base 3
1120
What is -3 (base 16) in base 6?
-3
2 (base 10) to base 16
2
20 (base 8) to base 6
24
Convert -76 (base 16) to base 7.
-226
What is 84 (base 11) in base 2?
1011100
4 (base 14) to base 5
4
Convert -1 (base 2) to base 13.
-1
Convert -84 (base 10) to base 4.
-1110
Convert -12 (base 13) to base 14.
-11
-1101 (base 5) to base 11
-128
What is 133 (base 11) in base 5?
1112
Convert -11 (base 2) to base 11.
-3
What is 132 (base 6) in base 5?
211
100 (base 2) to base 4
10
Convert -10 (base 8) to base 10.
-8
Convert -b (base 16) to base 15.
-b
Convert -5 (base 9) to base 3.
-12
Convert 16 (base 15) to base 7.
30
Convert -4 (base 10) to base 8.
-4
Convert 100011 (base 2) to base 9.
38
Convert 2b (base 14) to base 12.
33
-111 (base 6) to base 13
-34
-4 (base 7) to base 4
-10
c (base 16) to base 8
14
Convert 10 (base 6) to base 7.
6
Convert 113 (base 7) to base 8.
73
Convert -2111 (base 3) to base 12.
-57
What is 8 (base 14) in base 13?
8
107 (base 8) to base 7
131
What is 23 (base 13) in base 15?
1e
Convert -273 (base 8) to base 12.
-137
Convert 1001 (base 7) to base 8.
530
-30 (base 10) to base 5
-110
Convert 3 (base 16) to base 9.
3
What is -2 (base 10) in base 15?
-2
What is 2 (base 5) in base 3?
2
What is 101 (base 2) in base 3?
12
Convert -244 (base 5) to base 3.
-2202
-29 (base 15) to base 2
-100111
-146 (base 8) to base 6
-250
What is 13 (base 5) in base 16?
8
Convert 210 (base